). What is the tens digit of (k - 9)*71/(-4)?
7
What is the units digit of (21788448/(-792))/(8/(-6))?
3
Suppose -32950 = -5*k + 4*u, 2*u + 8 + 2 = 0. What is the tens digit of k?
8
Let q(j) = 6742*j**3 - 2*j**2 + 4. What is the hundreds digit of q(2)?
9
Let c = -180 + 259. Suppose 2*x - c = 159. What is the units digit of x?
9
Let w(g) = 67*g**2 + 24*g - 6. Let b be w(4). Suppose 13*p - b = 6*p. What is the hundreds digit of p?
1
Let a = -45335 - -71876. What is the ten thousands digit of a?
2
Let f(g) = -75*g**3 + 4*g**2 + 23*g + 19. What is the units digit of f(-4)?
1
Let g = -23235 + 39289. What is the thousands digit of g?
6
Let m(s) = 5*s**2 + 80*s + 24. Let t be m(-18). Suppose 3*k - t = -3*g, 84 = g - 2*k - k. What is the units digit of g?
2
Suppose 2*y = -12*y + 64177 + 2057. What is the tens digit of y?
3
Suppose 0 = -3*o + 4*o - 309. Let c = o + 868. What is the thousands digit of c?
1
Let h be 1/1*(-17 + 16) - 50. Let d be (-106)/(-34) + 6/h. Suppose -63 = -d*q - 54. What is the units digit of q?
3
Let q = 10 - 4. Suppose -3*d = 5*g - 19, -3*d - 2*g = -7 - q. What is the tens digit of d - -129 - (3 + -2)?
3
Suppose 87*a = -36127 + 480871. What is the units digit of a?
2
What is the units digit of (0 - 3/9)*-6*(-39270)/(-17)?
0
Suppose k - 5*g - 51 = 0, 5*k - 3*g = 3*k + 81. What is the tens digit of ((-12)/k)/(1/(-138))?
4
Let i be (7/7)/((-2)/(-10)). Let u = i - 2. Suppose 5*r + 3*k - 440 = 0, -r + k = u*r - 352. What is the tens digit of r?
8
Suppose 8*v = -3*v + 77. What is the tens digit of 2/v - (-73176)/56?
0
Suppose 0 = 5*w - 3*r - 3485, -w - r + 983 - 286 = 0. What is the hundreds digit of w?
6
Let l(n) = 1457*n**2 - 50*n + 52. What is the thousands digit of l(1)?
1
Suppose -68*d + 76*d + 1864 = 0. Let v = d + 1410. What is the hundreds digit of v?
1
Let h = -9385 - -18144. What is the tens digit of h?
5
Let d(g) = 19*g. Let b be d(-1). Let l(s) = -2*s**2 - 37*s - 5. Let a be l(b). Let o = 137 + a. What is the hundreds digit of o?
1
Let l be (-79 - (-1)/1) + 2. Let h = 8541 + -8236. Let r = l + h. What is the hundreds digit of r?
2
Let h(n) be the third derivative of n**5/60 - 3*n**3/2 + 14*n**2. Let u(c) = c**2 - 7*c - 1. Let l be u(8). What is the units digit of h(l)?
0
Let q(f) = 31*f - 3 + 6*f**3 - 9 + 9 - 21*f**2 - 3 - 4*f**2. What is the hundreds digit of q(6)?
5
Suppose -62*n + 6572 = -58*n. Suppose n + 1847 = 5*r. What is the tens digit of r?
9
Suppose 54*g - 52*g = -2*q + 18476, -2*q - 3*g + 18478 = 0. What is the thousands digit of q?
9
Suppose 5*n = 16 - 1. Let a = -2335 + 2337. Suppose -a*b - 7*m = -5*m - 124, -5*b - n*m + 316 = 0. What is the units digit of b?
5
What is the tens digit of 3034626/105 + (-132)/60?
9
Suppose -42*r = 127*r - 494663. What is the hundreds digit of r?
9
Suppose 2676 = -4*c + r, 2*c - 2*r + 1537 = 205. Let y = 555 - c. What is the units digit of y?
5
Let x = 11359 + -7107. What is the thousands digit of x?
4
Let t = -103 + 105. Suppose -t*x + 215 = -97. What is the hundreds digit of x?
1
Suppose -40*c - 87*c + 2735580 = 0. What is the tens digit of c?
4
Let j(m) = 8*m**2 + 5*m - 42. Let r be j(6). Suppose 0 = -25*u + 22*u + r. What is the units digit of u?
2
Let j(n) = 2*n**3 - n**2 - n - 3. Let z be j(4). Let l = z + -111. What is the tens digit of (-460)/l + 4/12?
7
Suppose 0 = 4*p - 1 - 19. Let h = -49 + 133. Suppose p*t - 4*g - 46 - 422 = 0, -h = -t + 4*g. What is the units digit of t?
6
Let s(j) = -51*j - 33*j - 4*j + 1 + 17*j. Let m = 38 - 39. What is the units digit of s(m)?
2
Suppose -34778 - 1240 = 6*d. Let s be d/(-5) + 6/(-10). What is the units digit of (6/8)/(12/s)?
5
Suppose -3*a = -2*o - 13484, a - 2*a = -3*o - 4504. What is the units digit of a?
2
Suppose 0 = 3*g - 5*v - 28266, -11*v + 6*v = 5*g - 47030. What is the units digit of g?
2
Let t(k) = -25*k**3 - 2*k - 1. Let p(z) = -z**2 + 12*z - 37. Let j be p(5). What is the tens digit of t(j)?
0
Let p(i) = -1999*i + 110. What is the hundreds digit of p(-3)?
1
Let j(k) = 30*k - 394. Let i be j(13). Let w = -8 - -2. What is the tens digit of i*((-2)/w - 149/6)?
9
Suppose 5843 = 2*h - 5*m, 4*h - 730 = -5*m + 11031. What is the thousands digit of h?
2
Let k = -3904 + 4656. What is the tens digit of k?
5
Let l(p) = 23 + 0*p - 30 - 2*p. Let h be l(14). Let w = -25 - h. What is the units digit of w?
0
Let c = -86 + 90. Let r be 2 - c - (-1*63 - 1). Let g = r - -28. What is the units digit of g?
0
Suppose -6*k - 24 = 2*k. Let m(q) = -1. Let y(s) = -s**3 - s - 147. Let d(i) = k*m(i) - y(i). What is the tens digit of d(0)?
5
Let i(k) be the first derivative of -k**4/12 + 13*k**3/6 - 9*k**2 + 11. Let b(f) be the second derivative of i(f). What is the tens digit of b(-7)?
2
Let j = 5605 + 1157. What is the units digit of j?
2
Let u(k) = 2*k**2 + 2*k - 10. Let h be u(2). Suppose -5*m - q = 3*q - 1896, -759 = -h*m - q. What is the units digit of m?
0
Let w(c) = 32*c**2 + 3*c - 42. Let t be w(-13). What is the hundreds digit of 3*(-4 + t/21)?
7
Let w = 1081 + 7094. What is the units digit of w?
5
Suppose -30*k - 297 = -11*k + 14*k. Let f(r) be the third derivative of r**6/120 + r**5/6 - r**4/8 - 4*r**3/3 + r**2. What is the hundreds digit of f(k)?
1
Let k = -1236 - -2422. Suppose -424 - k = -5*i. What is the units digit of i?
2
Suppose -65*z + u - 10131 = -66*z, 0 = 2*z - u - 20262. What is the thousands digit of z?
0
Let v(n) = n**3 - 8*n**2 + n + 1. Let l be v(2). Let b(t) = -t**2 - 19*t + 37. Let d be b(l). Let z(u) = -36*u + 24. What is the units digit of z(d)?
4
Let f(k) = -2. Let h(j) = 31*j + 47. Let l(w) = -5*f(w) - h(w). What is the hundreds digit of l(-14)?
3
Suppose -2025918 = -115*i - 254632 - 40421. What is the ten thousands digit of i?
1
Suppose -2*c = 5*z - 5625 - 15187, -31264 = -3*c + 4*z. What is the tens digit of c?
1
Let u(x) = 3*x**2 + 10*x. Let c(r) = -3*r**2 - 11*r - 1. Let t(j) = 5*c(j) + 6*u(j). What is the tens digit of t(2)?
1
Let x be 2536/(-5) + ((-114)/30 - -4). Let w = x - -1083. Suppose 10*t - 4*t = w. What is the units digit of t?
6
Let g = -65 - -51. Let t = g + 38. What is the units digit of t?
4
Let k = -28 - -42. Let f(o) = -o**2 + 14*o + 6. Let m be f(k). Suppose -m*z = -518 - 238. What is the units digit of z?
6
Let q(p) = -2*p**2 + 32*p + 3. Let w be q(16). Suppose w*h + 977 = 6326. What is the hundreds digit of h?
7
Let l(z) = -278*z - 26. Let p be l(5). Let n = p + 2012. What is the tens digit of n?
9
Let u(s) = 2*s**2 - 13*s + 23. Let q be u(2). Let l(w) = 48*w - 76. What is the units digit of l(q)?
4
Let t(g) = 2*g**3 - 17*g**2 - 12*g + 9. Let f be t(9). Let n = 23 + f. What is the tens digit of 5/n + -5 + 187?
8
Let y(p) = 3*p**2 + 104*p + 317. What is the tens digit of y(57)?
9
Let c(l) = 3*l**3 - 7*l**2 - 16*l - 14. What is the units digit of c(19)?
2
Suppose 58089 + 41836 = 7*q. What is the thousands digit of q?
4
Let f = -271 + 464. Suppose 0 = 4*m + 3*k - f, 0 = m + 3*m - k - 213. Let a = -35 + m. What is the tens digit of a?
1
Let b(n) be the third derivative of -23*n**4/12 + 343*n**3/6 - 9*n**2 - 6*n. What is the hundreds digit of b(-13)?
9
Let h(p) = -7*p + 27. Let v(k) = -k**2 + 9*k. Let i be v(9). Let q be 0/(4 - i - 5). What is the units digit of h(q)?
7
Let s = -686 - 81. Let f = -250 - s. What is the hundreds digit of f?
5
Let g = -20533 - -31564. What is the hundreds digit of g?
0
Let y(c) = -30188*c - 8018. What is the tens digit of y(-3)?
4
Let v = -5 + -10. Let x be (-5)/v - 2810/(-3). What is the units digit of 5*(-18)/(-120) + x/4?
5
Let n = 204 + -187. What is the tens digit of 21 + n + -6 + 3?
3
Let x(r) = -r**3 + 56*r**2 + 119*r - 210. What is the hundreds digit of x(31)?
5
Let b = 1276 - 132. Suppose -8*z + 16 + b = 0. What is the tens digit of z?
4
Suppose 22874 = -73*j + 75*j - x, -2*j - 4*x + 22874 = 0. What is the units digit of j?
7
Let s(w) = 520*w - 308. Let q = -22 - -26. What is the units digit of s(q)?
2
Suppose -776 = 4*y + 2*z - 11374, -z = 4*y - 10595. What is the thousands digit of y?
2
Suppose 93*d + 31*d - 65*d = 706466. What is the units digit of d?
4
Let z(h) = 1901*h + 1662. What is the ten thousands digit of z(11)?
2
Let o = 107 + -809. Let u = o - -984. What is the units digit of u?
2
Let f(c) = -3*c**3 - 11*c**2 + 81*c + 34. What is the hundre